t is the units digit of 5796364?
4
What is the millions digit of 9346243?
9
What is the units digit of 205429?
9
What is the hundreds digit of 118537?
5
What is the ten thousands digit of 5169923?
6
What is the tens digit of 61086?
8
What is the millions digit of 2698659?
2
What is the units digit of 5364836?
6
What is the tens digit of 417058?
5
What is the ten thousands digit of 200228?
0
What is the ten thousands digit of 1876100?
7
What is the hundreds digit of 1338875?
8
What is the hundred thousands digit of 2991676?
9
What is the tens digit of 650074?
7
What is the hundreds digit of 11992077?
0
What is the ten thousands digit of 6414766?
1
What is the hundred thousands digit of 5017138?
0
What is the ten thousands digit of 203878?
0
What is the tens digit of 305976?
7
What is the thousands digit of 1797441?
7
What is the thousands digit of 6515074?
5
What is the thousands digit of 11699?
1
What is the hundred thousands digit of 709111?
7
What is the hundred thousands digit of 113360?
1
What is the hundred thousands digit of 1851454?
8
What is the hundreds digit of 4008483?
4
What is the millions digit of 8924643?
8
What is the ten thousands digit of 38107?
3
What is the ten thousands digit of 164346?
6
What is the tens digit of 3606792?
9
What is the hundred thousands digit of 887449?
8
What is the ten thousands digit of 1979037?
7
What is the ten thousands digit of 8036697?
3
What is the units digit of 3584481?
1
What is the ten thousands digit of 597502?
9
What is the ten thousands digit of 7354618?
5
What is the ten millions digit of 31105653?
3
What is the millions digit of 2678336?
2
What is the hundreds digit of 133304?
3
What is the thousands digit of 1796749?
6
What is the units digit of 32227672?
2
What is the units digit of 368179?
9
What is the thousands digit of 4148314?
8
What is the ten thousands digit of 154321?
5
What is the tens digit of 64320?
2
What is the tens digit of 18586?
8
What is the tens digit of 1228826?
2
What is the hundred thousands digit of 3158811?
1
What is the tens digit of 139752?
5
What is the tens digit of 505718?
1
What is the thousands digit of 136466?
6
What is the ten thousands digit of 221327?
2
What is the thousands digit of 17895880?
5
What is the ten millions digit of 23596137?
2
What is the hundreds digit of 9228165?
1
What is the tens digit of 4873348?
4
What is the ten thousands digit of 15903798?
0
What is the thousands digit of 213216?
3
What is the hundreds digit of 91580?
5
What is the units digit of 171325?
5
What is the units digit of 533553?
3
What is the ten thousands digit of 4359162?
5
What is the tens digit of 658747?
4
What is the tens digit of 467288?
8
What is the hundreds digit of 5996075?
0
What is the tens digit of 415826?
2
What is the tens digit of 877637?
3
What is the tens digit of 365404?
0
What is the hundred thousands digit of 105811?
1
What is the ten thousands digit of 12580?
1
What is the units digit of 1337681?
1
What is the hundred thousands digit of 36607192?
6
What is the thousands digit of 230063?
0
What is the hundreds digit of 1563345?
3
What is the thousands digit of 3611620?
1
What is the hundreds digit of 113903?
9
What is the units digit of 234376?
6
What is the tens digit of 213924?
2
What is the millions digit of 7785441?
7
What is the thousands digit of 326236?
6
What is the units digit of 1511922?
2
What is the units digit of 149118?
8
What is the tens digit of 8869921?
2
What is the tens digit of 290553?
5
What is the tens digit of 18207056?
5
What is the tens digit of 156629?
2
What is the hundreds digit of 315245?
2
What is the units digit of 1831443?
3
What is the hundred thousands digit of 4095177?
0
What is the units digit of 236516?
6
What is the hundred thousands digit of 2863961?
8
What is the units digit of 151090?
0
What is the ten thousands digit of 3834373?
3
What is the hundreds digit of 161430?
4
What is the units digit of 1919859?
9
What is the ten thousands digit of 1153348?
5
What is the tens digit of 2214046?
4
What is the ten millions digit of 15193053?
1
What is the thousands digit of 2751595?
1
What is the hundred thousands digit of 215374?
2
What is the hundred thousands digit of 220204?
2
What is the ten thousands digit of 198083?
9
What is the thousands digit of 1409639?
9
What is the thousands digit of 3613739?
3
What is the units digit of 304235?
5
What is the ten thousands digit of 4446170?
4
What is the millions digit of 1757686?
1
What is the ten thousands digit of 24929140?
2
What is the units digit of 1051145?
5
What is the hundreds digit of 4614094?
0
What is the units digit of 14811713?
3
What is the units digit of 267804?
4
What is the tens digit of 5142333?
3
What is the ten thousands digit of 251396?
5
What is the units digit of 33835423?
3
What is the thousands digit of 405137?
5
What is the thousands digit of 136249?
6
What is the hundred thousands digit of 4693581?
6
What is the hundreds digit of 1496354?
3
What is the hundred thousands digit of 11017559?
0
What is the units digit of 6862800?
0
What is the tens digit of 8804989?
8
What is the thousands digit of 172592?
2
What is the thousands digit of 262977?
2
What is the thousands digit of 333236?
3
What is the ten thousands digit of 207871?
0
What is the tens digit of 27556474?
7
What is the units digit of 4038193?
3
What is the thousands digit of 8591080?
1
What is the units digit of 2784483?
3
What is the thousands digit of 262732?
2
What is the ten thousands digit of 581674?
8
What is the hundreds digit of 1457958?
9
What is the hundred thousands digit of 304677?
3
What is the thousands digit of 2122500?
2
What is the units digit of 277393?
3
What is the ten thousands digit of 268570?
6
What is the thousands digit of 149231?
9
What is the hundred thousands digit of 213427?
2
What is the thousands digit of 1739705?
9
What is the ten thousands digit of 7271841?
7
What is the tens digit of 5833711?
1
What is the ten thousands digit of 2237249?
3
What is the ten millions digit of 12919522?
1
What is the ten thousands digit of 2556168?
5
What is the tens digit of 142339?
3
What is the thousands digit of 11793?
1
What is the millions digit of 4235406?
4
What is the tens digit of 218562?
6
What is the tens digit of 699528?
2
What is the ten thousands digit of 4994326?
9
What is the hundred thousands digit of 2056042?
0
What is the ten thousands digit of 129036?
2
What is the tens digit of 437485?
8
What is the ten thousands digit of 21066938?
6
What is the hundreds digit of 3077?
0
What is the ten thousands digit of 103740?
0
What is the hundreds digit of 98238?
2
What is the units digit of 2650530?
0
What is the units digit of 24203?
3
What is the units digit of 5011927?
7
What is the ten thousands digit of 179380?
7
What is the hundreds digit of 2271705?
7
What is the hundred thousands digit of 3329104?
3
What is the hundreds digit of 317736?
7
What is the hundreds digit of 1767872?
8
What is the hundred thousands digit of 10061862?
0
What is the hundreds digit of 238798?
7
What is the ten thousands digit of 78664?
7
What is the units digit of 39881?
1
What is the thousands digit of 328893?
8
What is the ten thousands digit of 2219258?
1
What is the units digit of 25675498?
8
What is the hundreds digit of 10142101?
1
What is the tens digit of 2165675?
7
What is the ten thousands digit of 2416917?
1
What is the millions digit of 2265676?
2
What is the hundreds digit of 279492?
4
What is the hundred thousands digit of 610023?
6
What is the hundreds digit of 980487?
4
What is the hundreds digit of 962675?
6
What is the units digit of 386653?
3
What is the millions digit of 3402528?
3
What is the hundreds digit of 1479452?
4
What is the millions digit of 2977198?
2
What is the hundred thousands digit of 9645695?
6
What is the units digit of 5191677?
7
What is the hundred thousands digit of 1036485?
0
What is the hundred thousands digit of 23704371?
7
What is the thousands digit of 5696153?
6
What is the millions digit of 6845079?
6
What is the hundred thousands digit of 1214645?
2
What is the ten thousands digit of 112253?
1
What is the ten thousands digit of 634923?
3
What is the units digit of 1759727?
7
What is the thousands digit of 1815691?
5
What is 